t are the prime factors of 6393857?
6393857
What are the prime factors of 628228?
2, 157057
What are the prime factors of 816879?
3, 7, 5557
What are the prime factors of 1724236?
2, 223, 1933
What are the prime factors of 14110970?
2, 5, 41, 127, 271
List the prime factors of 520931.
17, 30643
What are the prime factors of 1505191?
1505191
What are the prime factors of 1061973?
3, 11, 17, 631
List the prime factors of 27597.
3, 9199
List the prime factors of 1263479.
7, 180497
What are the prime factors of 1153956?
2, 3, 23, 37, 113
What are the prime factors of 24604362?
2, 3, 467, 2927
List the prime factors of 33358.
2, 13, 1283
What are the prime factors of 434994?
2, 3, 7, 10357
What are the prime factors of 36610?
2, 5, 7, 523
What are the prime factors of 18540776?
2, 67, 34591
List the prime factors of 321171.
3, 107057
What are the prime factors of 1835964?
2, 3, 13, 3923
What are the prime factors of 701546?
2, 23, 101, 151
What are the prime factors of 3759928?
2, 31, 15161
List the prime factors of 2180717.
7, 11, 127, 223
What are the prime factors of 928647?
3, 103183
List the prime factors of 670592.
2, 13, 31
What are the prime factors of 6532811?
17, 571, 673
List the prime factors of 72519.
3, 23, 1051
What are the prime factors of 10460853?
3, 13, 29803
What are the prime factors of 4347648?
2, 3, 17, 37
What are the prime factors of 16253254?
2, 251, 32377
List the prime factors of 218441.
61, 3581
What are the prime factors of 5647276?
2, 43, 32833
What are the prime factors of 1583287?
1583287
What are the prime factors of 1434537?
3, 13, 61, 67
What are the prime factors of 157343?
23, 6841
What are the prime factors of 14302620?
2, 3, 5, 181, 439
List the prime factors of 407349.
3, 47, 107
What are the prime factors of 433312?
2, 11, 1231
What are the prime factors of 2295663?
3, 17, 45013
What are the prime factors of 1373403?
3, 37, 12373
What are the prime factors of 95263?
7, 31, 439
List the prime factors of 2254103.
19, 31, 43, 89
What are the prime factors of 216248?
2, 27031
List the prime factors of 4254231.
3, 1418077
What are the prime factors of 513245?
5, 23, 4463
What are the prime factors of 965855?
5, 11, 17, 1033
List the prime factors of 7044185.
5, 677, 2081
What are the prime factors of 1091736?
2, 3, 59, 257
What are the prime factors of 184804?
2, 47, 983
List the prime factors of 8452032.
2, 3, 44021
List the prime factors of 4792256.
2, 7, 19, 563
List the prime factors of 1830655.
5, 109, 3359
What are the prime factors of 59813?
13, 43, 107
What are the prime factors of 1473942?
2, 3, 167, 1471
List the prime factors of 721941.
3, 11, 131, 167
What are the prime factors of 34528998?
2, 3, 7, 449, 1831
List the prime factors of 7949061.
3, 883229
List the prime factors of 1890915.
3, 5, 13, 9697
What are the prime factors of 27756?
2, 3, 257
List the prime factors of 944476.
2, 13, 41, 443
List the prime factors of 1871857.
13, 109, 1321
List the prime factors of 5374561.
167, 32183
What are the prime factors of 2130818?
2, 1065409
What are the prime factors of 9459660?
2, 3, 5, 7, 101, 223
List the prime factors of 24879303.
3, 19, 29, 173
List the prime factors of 432371.
337, 1283
List the prime factors of 557425.
5, 11, 2027
List the prime factors of 3489576.
2, 3, 145399
What are the prime factors of 274113?
3, 7, 19, 229
List the prime factors of 163765.
5, 7, 4679
List the prime factors of 62595.
3, 5, 13, 107
What are the prime factors of 142248?
2, 3, 5927
What are the prime factors of 470432?
2, 61, 241
List the prime factors of 17783157.
3, 7, 71, 11927
List the prime factors of 571636.
2, 13, 10993
List the prime factors of 27158331.
3, 23, 109, 157
What are the prime factors of 1289612?
2, 322403
What are the prime factors of 1517149?
23, 65963
List the prime factors of 8482896.
2, 3, 58909
List the prime factors of 33492365.
5, 1993, 3361
What are the prime factors of 1494063?
3, 109, 1523
What are the prime factors of 7647443?
19, 41, 9817
What are the prime factors of 596180?
2, 5, 13, 2293
What are the prime factors of 4392878?
2, 7, 313777
What are the prime factors of 4309221?
3, 7, 205201
What are the prime factors of 490813?
167, 2939
What are the prime factors of 9852643?
79, 124717
What are the prime factors of 1028598?
2, 3, 251, 683
What are the prime factors of 276468?
2, 3, 23039
What are the prime factors of 332044?
2, 17, 19, 257
What are the prime factors of 4844143?
4844143
List the prime factors of 7631251.
7631251
What are the prime factors of 24089832?
2, 3, 13, 23, 373
List the prime factors of 977949.
3, 7, 19, 43
What are the prime factors of 147416?
2, 18427
List the prime factors of 47561.
199, 239
List the prime factors of 778302.
2, 3, 7, 29, 71
What are the prime factors of 37220300?
2, 5, 13, 28631
List the prime factors of 150136.
2, 7, 383
List the prime factors of 276360.
2, 3, 5, 7, 47
List the prime factors of 9836352.
2, 3, 17077
What are the prime factors of 344385?
3, 5, 2551
List the prime factors of 109430.
2, 5, 31, 353
List the prime factors of 30271480.
2, 5, 53, 109, 131
List the prime factors of 5890658.
2, 461, 6389
List the prime factors of 1748485.
5, 349697
List the prime factors of 99775.
5, 13, 307
What are the prime factors of 801142?
2, 17, 23563
What are the prime factors of 5719722?
2, 3, 19, 131, 383
What are the prime factors of 160519?
43, 3733
List the prime factors of 1612317.
3, 7, 76777
List the prime factors of 4901779.
59, 251, 331
What are the prime factors of 17866865?
5, 3573373
List the prime factors of 7990587.
3, 11, 80713
List the prime factors of 742073.
742073
What are the prime factors of 10193905?
5, 257, 7933
List the prime factors of 3637293.
3, 11, 110221
List the prime factors of 7027619.
43, 163433
What are the prime factors of 2017170?
2, 3, 5, 31, 241
List the prime factors of 8389617.
3, 239, 11701
List the prime factors of 5299263.
3, 65423
List the prime factors of 209039.
209039
List the prime factors of 1184760.
2, 3, 5, 1097
What are the prime factors of 13578237?
3, 1508693
List the prime factors of 1255477.
1255477
What are the prime factors of 79596?
2, 3, 11, 67
What are the prime factors of 13366034?
2, 11, 43, 71, 199
List the prime factors of 1613723.
137, 11779
What are the prime factors of 5589786?
2, 3, 487, 1913
List the prime factors of 11292817.
103, 109639
List the prime factors of 368393.
137, 2689
List the prime factors of 1481802.
2, 3, 7, 35281
List the prime factors of 215271.
3, 7, 17, 67
What are the prime factors of 2820188?
2, 7, 47, 2143
List the prime factors of 4222321.
211, 20011
List the prime factors of 184099.
47, 3917
List the prime factors of 97541.
103, 947
What are the prime factors of 5660772?
2, 3, 13, 131, 277
List the prime factors of 6505464.
2, 3, 7, 38723
List the prime factors of 1528942.
2, 764471
What are the prime factors of 13813291?
1723, 8017
What are the prime factors of 2556331?
2556331
List the prime factors of 147755.
5, 29, 1019
What are the prime factors of 231021?
3, 7, 19, 193
What are the prime factors of 770684?
2, 23, 8377
List the prime factors of 3050588.
2, 762647
List the prime factors of 356648.
2, 109, 409
What are the prime factors of 1485153?
3, 47, 3511
What are the prime factors of 159735?
3, 5, 23, 463
List the prime factors of 16705205.
5, 11, 303731
What are the prime factors of 26033014?
2, 7, 137, 277
List the prime factors of 2988663.
3, 461, 2161
List the prime factors of 2239545.
3, 5, 7, 11, 277
What are the prime factors of 25216101?
3, 2801789
List the prime factors of 517044.
2, 3, 11, 3917
List the prime factors of 16656302.
2, 13, 49279
What are the prime factors of 183221?
53, 3457
What are the prime factors of 4967295?
3, 5, 331153
What are the prime factors of 436558?
2, 218279
List the prime factors of 4440911.
43, 139, 743
List the prime factors of 431762.
2, 59, 3659
List the prime factors of 10617007.
23, 461609
List the prime factors of 1138116.
2, 3, 7, 17, 797
List the prime factors of 239077.
19, 12583
What are the prime factors of 2563?
11, 233
What are the prime factors of 29334906?
2, 3, 107, 5077
List the prime factors of 9581722.
2, 113, 42397
List the prime factors of 950694.
2, 3, 158449
Li